)
0
What is the value of -5 + 0 + (-2 - -5) + 0?
-2
Evaluate -1 - (-3 + -2 + 3).
1
Calculate 6 + 3 - (9 + 1).
-1
Calculate 1 + -4 + -4 + (30 - 23).
0
3 + -2 + 4 + 1 + -2
4
What is (-1 - (11 - 8)) + 0?
-4
Calculate (8 - -2) + -10 + 1.
1
1 + -1 - (7 + -8)
1
Evaluate -3 + 0 + 6 - 6.
-3
What is the value of -6 - -2 - 2 - -10?
4
What is -1 + (0 - -2 - (-1 - -1))?
1
Evaluate (12 - 12) + (-4 - -1).
-3
-8 + (-2 + -1 - -5)
-6
What is the value of -30 + 25 - (4 - 10)?
1
(17 - (11 - -7)) + (2 - -1)
2
Evaluate -6 - (6 + 1 + -14).
1
Evaluate 0 + 0 - (4 + -6).
2
Calculate 5 - (7 - (6 + -3)).
1
What is (-3 + 0 - (5 - 2)) + 6?
0
Evaluate (-4 + (-3 - -2) - -4) + 7.
6
1 - (-9 + 0 - -9)
1
Evaluate 6 - (-7 - -6 - 2 - -14).
-5
Evaluate -11 + 9 + 13 - 7.
4
What is 2 + (-1 - (-1 - -5))?
-3
Evaluate (3 - 2) + 14 + -18.
-3
Evaluate 9 + -9 - (-3 + 1 + 3).
-1
3 + (-1 - 2 - -1)
1
(2 - (-2 - 0)) + -1 + 0
3
Calculate -1 - (-1 + (-8 - 0)).
8
What is 5 + -4 + 10 + -5 + -8?
-2
What is the value of 3 + (7 - 5) + (-6 - 9)?
-10
-4 + (-6 - (-2 - 14)) + -3
3
What is the value of (0 - -1 - -1) + (-42 - -42)?
2
Evaluate -1 - (-6 + -1 + (5 - -3)).
-2
Calculate -35 + 35 + (0 - 2) + -1.
-3
What is 10 + 1 + (-1 - 3)?
7
What is 1 + -1 + (4 - 8)?
-4
Calculate -5 - (3 + -1 + -2 + -1).
-4
What is the value of -3 - (5 - 9 - -5)?
-4
Evaluate 1 - ((1 - -3) + -5).
2
What is -2 + 1 + (0 - -3 - -1)?
3
What is the value of (5 - 3) + 3 + 0?
5
25 + -26 + (5 - -1)
5
What is 10 + 0 + (1 - -2) + -8?
5
Evaluate (-9 - (-1 - 8)) + 6.
6
(30 + -24 - (11 + 1)) + 6
0
What is the value of 14 + -5 + -2 + -6?
1
What is 31 - 38 - (-2 + -12)?
7
What is -144 + 137 - (-2 - (-1 + -2))?
-8
What is the value of 1 + (0 + 2 - (-4 - -9))?
-2
-4 + 6 + 9 + -12
-1
-1 + 2 - (29 - 28)
0
Evaluate 9 + (2 - -1 - 7).
5
What is -1 + -4 + (-2 - -4 - 0)?
-3
7 - (-9 - -9) - -1
8
What is the value of -7 + 6 + -4 + 2 + 6?
3
Calculate 33 - 28 - (1 + 9).
-5
3 + 3 + -1 - 3
2
-4 - -16 - (21 - 16)
7
Evaluate -1 + (11 - 7) + -5.
-2
8 - 2 - (24 + -3 + -8)
-7
Calculate 3 - ((10 - 11) + 0).
4
Evaluate 2 + (-4 - -8) + 3.
9
Evaluate 1 - ((-1 + 0 - 2) + 3).
1
-3 - ((3 - -4) + -4 + -8)
2
Evaluate 3 + -1 + 0 + -1 + 0.
1
What is the value of -3 - (-6 - -2) - (-3 + 1)?
3
-1 + (-5 - -5) + -7 + 3
-5
What is the value of -1 - (1 - (1 + 1))?
0
Evaluate -4 + 3 + (0 - -2) + -3.
-2
What is the value of -8 - (-2 + -4 - -5)?
-7
Calculate (2 - 1 - 2) + -4.
-5
Calculate (13 + -1 - 14) + 0 + 3.
1
Calculate 4 - (5 + 12) - -7.
-6
Calculate 2 - (1 + (-2 - (-1 + 1))).
3
Evaluate -5 - -7 - -5 - (8 - 8).
7
Evaluate 2 + -5 + 1 + -2 + 5.
1
Calculate 0 + 2 + 1 + -1 + -2.
0
Evaluate -1 + -2 + 6 + (7 - 12).
-2
Evaluate 1 + (-8 - (-4 - -1)).
-4
What is the value of 1 - 5 - (2 - 1)?
-5
7 + 0 + 0 + -8
-1
Calculate -7 - ((-1 - -3) + -6).
-3
What is 8 - (-5 - -15) - (1 + 1)?
-4
1 - 1 - (-22 + 21)
1
What is 0 - 2 - (-27 + 29)?
-4
Evaluate 11 + (0 - -2) + -7 - 1.
5
Evaluate 5 + -9 + 9 + -9.
-4
What is (1 - (-4 + 5)) + -3?
-3
Evaluate -5 - (-3 + -12 + 7).
3
What is the value of 5 + 2 + -7 + -4?
-4
0 - (-6 + 1 + 4)
1
14 + -4 - (0 + 4)
6
Calculate 4 + (-5 - 14) + 11.
-4
What is the value of 1 + -1 + (4 - 5)?
-1
What is 4 + 3 + 8 + -8?
7
2 + -4 - (4 + -1) - -11
6
What is 2 + -3 + 0 + 2?
1
Calculate -6 - -2 - (-14 - (-25 + 17)).
2
1 + 1 + (-3 - (2 - 8))
5
What is (-7 - -2 - -5) + (0 - -2)?
2
2 - (3 + -2) - (0 + 3)
-2
Calculate (-50 - -44) + (1 - -3) + 5.
3
What is 5 - (-4 + 0 + 9)?
0
What is -2 - (-4 + (-3 - 0) + 10)?
-5
What is -1 + 3 - (-33 - -35)?
0
Calculate -4 + (-3 - -5 - 1) + -2.
-5
What is the value of (-4 - 2 - 0) + 1?
-5
Calculate 0 + 4 - (60 - 60).
4
What is (-11 - 3) + -3 + 12?
-5
0 + -6 + 5 - (11 - 10)
-2
What is the value of (-2 - (-4 + 5)) + 1 + -4?
-6
-7 - (-12 - (-3 + 3))
5
What is the value of -7 - -10 - (-1 - 0)?
4
What is 5 + 3 - (2 - 0 - -1)?
5
What is the value of -2 + (4 - 3 - (2 + -2))?
-1
Evaluate -7 - (2 - (0 - -7)).
-2
5 + (3 - 1 - 2)
5
-102 + 106 - (-2 - 1)
7
Calculate 12 + -12 + 9 + -6.
3
What is 2 + 8 - 2 - (8 - 4)?
4
Calculate (5 - -1) + (-66 - -53).
-7
0 - (-8 + 6) - 5
-3
Evaluate -3 + 4 - (0 + -1 + 3).
-1
Evaluate -12 - 0 - (-321 - -314).
-5
-4 + (-8 - -1) - -17
6
3 - (3 - (0 - 0))
0
Calculate 8 + (2 - 4) - (8 + -8).
6
What is -10 + 0 + 103 + -96?
-3
What is the value of -3 + 2 + -4 + 4 + 5?
4
Evaluate 1 + -3 + 4 + -15 + 13.
0
What is -1 + 6 + (3 - (10 - 3))?
1
What is 0 + -4 + 7 + -5?
-2
What is -1 + (3 - 1) + 4?
5
Calculate 7 - 26 - -8 - (-7 - 1).
-3
5 + -8 + (1 - (-7 - -4))
1
What is 2 - (4 + -3 - 0)?
1
What is (-1 - 2) + 9 + -3?
3
Evaluate -3 + 5 + -1 + 0 + 0.
1
Evaluate (-11 - -17) + (0 - 2 - 0).
4
Calculate 4 + 0 + -6 + 0.
-2
Calculate 5 + (-7 - (1 - 6 - -7)).
-4
Evaluate -5 - (-4 + -11 + 18).
-8
What is the value of -1 - (-2 + (0 - (1 - -1)))?
3
Evaluate 1 + (1 - -3) + 11 + -14.
2
What is the value of 6 - 1 - 1 - (8 - 2)?
-2
Evaluate -5 - (6 + -8 + -5).
2
(-5 - (1 + -12 + 2)) + -6
-2
What is the value of 1 - (-5 + 5 + 3 + -2)?
0
-2 + -2 + -2 + 4 + -5
-7
Evaluate 10 + -14 + (0 - (-1 - -2)).
-5
What is (0 - (-4 + (-1 - -4))) + -6?
-5
Evaluate (1 - 3) + 4 + -1.
1
-4 - (3 + (-8 - 2) - 0)
3
What is -4 + (-5 - -2) + (12 - 5)?
0
Evaluate (-16 - -19) + (-4 - -2) + 4.
5
3 + -1 + -1 + -8
-7
(1 - -1) + (-6 - (13 - 16))
-1
4 - (2 - (8 - 13))
-3
Calculate -5 - (-6 + (0 - 4)).
5
What is 4 - (-7 - (-12 + 11))?
10
4 + (3 - 6) + -4 - -2
-1
Evaluate (3 + -3 - 6) + 7.
1
What is the value of -3 + 0 - (3 - -4 - 11)?
1
What is (1 + 1 - 0) + -15 + 16?
3
7 - 11 - (-8 - 2) - 3
3
What is (9 + -5 - -3) + 9 + -7?
9
Evaluate 2 + 0 + (-1 - 3).
-2
What is 7 - (-8 - -8) - 14?
-7
Evaluate 7 - (2 - 3 - -5).
3
What is the value of -51 + 54 - (-1 - -4)?
0
Evaluate -7 + 1 - (-69 + 71).
-8
Calculate (-4 - (-4 + 2)) + -1 - 0.
-3
Calculate -1 + -2 - (-8 - -12).
-7
Calculate -5 + -1 + 4 - 5 - -2.
-5
Evaluate 4 - (6 - (-6 - -11)).
3
What is (-2 - 0) + (7 - 1) + -10?
-6
What is the value of -8 - (-7 + (7 - 1))?
-7
What is the value of 3 + 3 + -6 - (1 + 0)?
-1
What is -2 + 2 - (-1 - (-24 - -14))?
-9
Calculate (-1 - -1) + (-5 - 0).
-5
What is the value of 0 - (2 - (-3 - -2))?
-3
What is the value of 3 - (1 - 5) - 3 - 1?
3
What is the value of -1 + (1 + -2 - (13 - 16))?
1
Evaluate 0 + -4 - (21 + -31).
6
Calculate -6 + (5 - 0) + (-7 - -1).
-7
Calculate 0 + -5 + -1 - (10 - 12).
-4
What is (40 - 46) + (10 - -1)?
5
-5 + (5 - (-2 - 2))
4
What is the value of (-3 - (-3 - 3)) + -4?
-1
(1 - 0) + (14 - 18)
-3
-4 + -3 + 4 + (7 - 1)
3
Calculate 4 + 0 + 6 + -6.
4
Evaluate -6 - -5 - (-6 + -1 - -11).
-5
(5 - (-2 - -3)) + (3 - 2)
5
Calculate (73 - 77) + -1 + (8 - 0).
3
Calculate (10 - 10) + -5 + 6.
1
Evaluate -3 + -1 - (-1 - (-3 - -5)).
-1
-11 - -6 - (-7 - (-3 + 1))
0
What is the value of -10 + 13 - (3 + 1)?
-1
What is 4 + -8 - (-4 - 1)?
1
Calculate 1 + (20 - 9) + -9.
3
What is the value of -29 + 31 + (10 - 2 - 2)?
8
(-8 - (7 - 8)) + 2
-5
What is the value of 1 + (-4 - 2) - -6?
1
What is 40 + -53 + (-2 + 3 - -3)?
-9
Evaluate (-7 + 1 - -2) + 1 + 1.
-2
-8 + 32 + -24 + 1 + -4
-3
Calculate 4 + -5 + 0 - -3.
2
What is the value of 2 + (-17 - -2) + (-18 - -24)?
-7
Evaluate 1 + -5 + 4 + -3 + 1.
-2
-4 + (1 - (16 + -12))
-7
Calculate -1 + (5 + -10 - (-1 - 2)).
-3
2 + 18 + -12 - (2 - 2)
8
-8 + 19 + (1 - 18)
-6
What is the value of (7 + -6 - -6) + (-10 - -5)?
2
-1 + -10 + 9 - 2
-4
-6 + (-6 - -6) + -4
-10
Evaluate 1 + (-1 - -3) + -2.
1
What is the value of -1 + (-2 - (0 - 4))?
1
What is the value of -3 - (3 - (9 + -1))?
2
What is 2 + -5 - (-15 + 4 + 2)?
6
What is the value of 14 + -11 - (-4 - -2)?
5
Evaluate 27 - 21 - (2 + 4 - 0).
0
What is 0 + (2 - 5) - (-2 - 0)?
-1
Evaluate (-7 - -17) + -7 + -3 + -1.
-1
What is the value of -2 + -1 - (28 - 36)?
5
What is the value of (8 - 0) + -4 + 0?
4
What is (-7 - -6 - 3) + -3?
-7
Calculate -1 - (-15 + 5 + 5 + 3).
1
What is -4 + (0 + -3 - -1) + 1?
-5
Evaluate 27 - (-8 - -22) - 15.
-2
Evaluate -2 - (8 + -6 - 5).
1
What is 11 - (-5 + 37) - -12?
-9
What is the value of -12 + 13 + (6 - 1)?
6
What is (5 - 7) + -1 + 1?
-2
Evaluate -39 + 47 - (2 - -1).
5
3 - (-4 + 10 + -5)
2
What is the value of (7 - 25 - -4) + 2 + 4?
-8
Calculate 2 - (1 + (-4 - -5)).
0
Evaluate -3 - (10 - 2) - -13.
2
1 + -1 + -93 + 90
-3
What is the value of (8 - 9) + 6 - 9?
-4
7 + 2 + 7 + -11
5
0 + (33 - 27 - (2 - 